+ 2*l + 2. Let y be t(-1). Let b be 446/10 + (-12)/(-30). Calculate the greatest common factor of b and y.
9
Suppose -4*b + 183 = -b. Suppose -m + b = -5*a, 31 - 11 = 5*a. Calculate the highest common factor of m and 54.
27
Suppose 0 = -2*j - 5*c + 175, 9 = -3*j - 3*c + 294. Suppose -24 = -2*f + f. Let n = f - 14. What is the greatest common factor of j and n?
10
Suppose 2*o - 10 = -0*o. Suppose 0 = o*c - 2 - 8. Suppose c*t - 3 + 1 = 0, -2*n = -2*t - 30. Calculate the highest common factor of n and 8.
8
Let v = 3 + 9. Suppose 4*o - 12 = -0*o. Suppose -7 - 3 = 5*k, v = o*r + 3*k. Calculate the highest common factor of 4 and r.
2
Let y be 288*(-3 - (-44)/12). Calculate the greatest common divisor of y and 24.
24
Let c = 533 - 357. What is the highest common factor of c and 16?
16
Suppose -8*z = -9*z + 138. What is the highest common factor of 23 and z?
23
Let f(x) = 4 - 4 + x - 4 + 5. Let h be f(2). Suppose h*b - 23 = 1. What is the highest common factor of 16 and b?
8
Let r be 0/(-1) - (-6)/1. Let q(d) = -d**3 + 7*d**2 + 2*d + 7. Let m be q(r). Suppose -4*i = i - m. Calculate the highest common divisor of i and 99.
11
Suppose 5*r + 10 = -25. Let i = r + 8. Let l = 2 - i. What is the greatest common divisor of l and 1?
1
Suppose 3*t = -2*t + 330. Let q be (-2 + 1)/(3/(-33)). What is the highest common divisor of q and t?
11
Let h = 9 - 4. Calculate the highest common divisor of 5 and h.
5
Suppose -q = -3*f - 4*q + 240, 3*f - 3*q - 222 = 0. Let a be 36/30*10/(-1). Let l = 23 + a. What is the highest common factor of l and f?
11
Let n be ((-2)/(-3))/(1/(-3)). Let d(k) = -13*k - 2. Let x be d(n). Let v = -13 + 29. Calculate the highest common factor of v and x.
8
Suppose -80 = 20*u - 25*u. Suppose -5*b - 6 + 26 = 0. What is the highest common divisor of b and u?
4
Let o(t) = 2*t - 7. Let l be o(5). Let a = l - -5. Suppose x + a = 3*x. What is the greatest common divisor of x and 4?
4
Suppose 2*w - 1 = w. Suppose i = -2 + 5. Let p be i/(-12) + 29/4. What is the highest common divisor of w and p?
1
Let g(x) = 7*x + 95. Let s be g(-13). Let h(d) = 8*d. Let w = 9 - 5. Let l be h(w). Calculate the highest common factor of l and s.
4
Let s(p) = -p**3 + 2*p**2 + p + 1. Let h be s(2). Let r be -2 - (-3 + 2)*8. Let q be 38/3 - 4/r. What is the highest common factor of h and q?
3
Let h = -21 - -7. Let l = h - -17. Calculate the greatest common factor of 9 and l.
3
Suppose -3*u - 276 = -3*p, p = -5*u - 0*u - 430. Let n = u + 59. Let w be 3/(6*(-1)/n). Calculate the greatest common factor of 154 and w.
14
Let h be -133*(-4)/(2 - -2). Calculate the highest common factor of h and 19.
19
Let w be (24/(-15))/(2/(-10)). Let o(t) = 6*t - 9*t**2 - t**3 - 20*t - 2*t**2. Let z be o(-10). What is the highest common divisor of z and w?
8
Suppose -2 = -2*x - 0. Let l = 5 + x. Calculate the greatest common divisor of 2 and l.
2
Let b(g) be the first derivative of -g**4/4 + g**3/3 + 4*g**2 + 4*g + 1. Let t be b(-6). Let q = t - 124. What is the greatest common factor of q and 12?
12
Let k(l) be the second derivative of 14*l**3/3 + 3*l. Let y be k(2). What is the highest common factor of y and 7?
7
Let y be -3 + 51 - 0/(-2). What is the greatest common factor of y and 6?
6
Let z be 3 + 4 - (5 - 2). Suppose -z*l - j - 79 + 348 = 0, 25 = 5*j. What is the greatest common divisor of 6 and l?
6
Let o be 3 - (0 - (1 - 1)). Suppose o*m - 13 = y, m + 2*y = -m + 6. Calculate the greatest common divisor of m and 28.
4
Let h(b) = b**3 + 5*b**2 - 6*b. Let f be h(-5). Let v = 57 - 47. Calculate the highest common factor of f and v.
10
Let j(b) = 10*b**2 - 37*b - 5. Let q be j(5). What is the highest common divisor of 45 and q?
15
Let w(l) be the third derivative of -11*l**4/12 - l**3/3 - 7*l**2. Let j be w(-2). What is the highest common factor of 6 and j?
6
Suppose -5*w - 16 = -9*w. Calculate the greatest common divisor of 20 and w.
4
Let f(s) = s**2 + 5*s - 4. Let g be f(-6). Suppose -4*x + 6 = l, -x = -g*l - 6*x + 9. Suppose -3*d + 17 = l. What is the highest common factor of 5 and d?
5
Let q(u) = u + 18. Let n be q(-10). What is the highest common factor of 56 and n?
8
Let k = 49 - 36. Calculate the highest common factor of k and 65.
13
Let t = 8 + -18. Let f be (-6)/15 + (-164)/t. What is the highest common divisor of 32 and f?
16
Suppose -3*s = -5*g + 2*s + 1550, 4*s - 916 = -3*g. Calculate the highest common divisor of g and 44.
44
Suppose -4*f + 29 = 3*q - 4, 55 = 5*q + 2*f. Suppose 0 = -5*l + 75 + 90. What is the greatest common divisor of q and l?
11
Let g(v) = -12*v**3 + v**2 + 2*v - 1. Let m be g(-3). Suppose l + 108 = 2*n + m, -3*n - 657 = -3*l. Calculate the greatest common divisor of l and 20.
20
Let h(p) be the first derivative of -2*p - 1/2*p**2 + 2. Let l be h(-8). What is the greatest common factor of 48 and l?
6
Let a(d) = -5*d - 120. Let v be a(-29). Let u = 277 - 152. Calculate the highest common divisor of v and u.
25
Let y be (827/1 - 0) + 4. Suppose 0*r - 5*r = -3*p - 816, 5*r - y = -2*p. Calculate the highest common factor of 15 and r.
15
Suppose -3*p + 2*p + 118 = 0. Let n = p - 70. Calculate the highest common divisor of 16 and n.
16
Suppose 0*l + 75 = 5*o - 2*l, 2*o + 5*l - 59 = 0. What is the greatest common factor of 34 and o?
17
Suppose x - 4 = 4*s, -3*x + 2*x = -3*s - 4. Suppose 2*d = 2*q - 28, s*d - d = 4*q - 41. What is the greatest common factor of 110 and q?
11
Suppose 2*h = -g + 34, 0*g - 99 = -5*h + g. Calculate the highest common divisor of h and 76.
19
Let z = 11 - 6. Let w = 21 + 7. Suppose -z*o = -o + 3*k - 60, 5*k + w = 4*o. Calculate the greatest common divisor of 84 and o.
12
Let m(x) = x + 4. Let g be 2 + 3/(6/14). Suppose -2*o = -g - 3. Let v be m(o). Calculate the highest common factor of v and 80.
10
Let g be (-2)/(-2) + 25 + 2. Let p(v) = 2 + v + 1 - 1. Let y be p(5). What is the greatest common divisor of y and g?
7
Let o = 9 - 7. Suppose o*t - 17 = -5. What is the greatest common factor of 24 and t?
6
Suppose 0 = 4*n - 3 + 111. Let v be (-1317)/n - 2/(-9). Suppose 3*h - v = -19. What is the greatest common factor of 90 and h?
10
Suppose -c - 4*c + 15 = 0. What is the greatest common factor of 27 and c?
3
Let j be (-2)/((-2)/(18 - -2)). Suppose 0*a - 3*a = -12. Calculate the highest common divisor of j and a.
4
Let s = -532 + 554. Let l be (8/(-10))/(2/(-5)). Let h be ((-88)/(-6))/(l/33). What is the greatest common factor of h and s?
22
Let o(x) = -24*x + 9. Let h be o(-7). Let y = h - 121. Calculate the highest common factor of 14 and y.
14
Let m(w) = -6*w**2 - 2*w + 5. Let y(q) = -13*q**2 - 3*q + 11. Let t(a) = -9*m(a) + 4*y(a). Let u be t(-6). Calculate the highest common divisor of u and 5.
5
Let w be 4/(-18) + 11784/54. Let u be (-3)/(w/112 - 2). What is the greatest common factor of 14 and u?
14
Suppose 3*k + 36 = 7*k. Calculate the highest common factor of k and 9.
9
Suppose h = -4*i - 0*i + 24, 2*h - 3*i = 59. Suppose -7*u + 8*u - h = 0. Let n be 139/2 + 2/4. Calculate the highest common factor of u and n.
14
Let v = 31 + -5. Suppose v = d - 3*y, d - 2*y = -4*d + 65. What is the greatest common divisor of 110 and d?
11
Let c = -5 - -6. Let a be c/(((-1)/1)/(-21)). Let q(t) = -t**3 - t**2 + 2*t + 3. Let g be q(-2). What is the highest common divisor of a and g?
3
Let d = -12 + 23. What is the highest common factor of d and 88?
11
Suppose 25*r - 26 = 23*r. Calculate the highest common factor of r and 117.
13
Suppose 0 = -4*d - 4*b + 52, 4*b + 34 + 22 = 5*d. Let c be (8/(-10))/((-10)/175). Let z be (63 + 0)*24/c. Calculate the highest common factor of d and z.
12
Let g = 9 + -7. Let b(d) = -5*d + 12*d + d**3 - 7 - 7 + 12*d**g. Let p be b(-11). What is the greatest common factor of p and 12?
6
Let s be (-8)/(-6) + (-2)/6. Let m(z) = 3*z**2 + z - 3. Let b be m(2). Calculate the greatest common factor of s and b.
1
Let j = 8 + -5. Let t(l) = l**2 + 2*l - 6. Let z be t(-5). Let o be -3 + 48/z*j. Calculate the highest common divisor of o and 13.
13
Suppose 3*f - 37 = -7. Let p = 13 + -13. Suppose 4*j - 3*i - 2*i - 345 = p, 215 = 3*j + 5*i. What is the greatest common divisor of j and f?
10
Suppose 5 - 11 = -2*l. Let b(u) = u + 24. Let d be b(0). Calculate the greatest common divisor of d and l.
3
Let c be (-3710)/795*4/(-7)*6. Sup